{"id":9610,"date":"2026-02-07T04:21:24","date_gmt":"2026-02-07T04:21:24","guid":{"rendered":"https:\/\/observatoirenature.org\/observatorio\/?page_id=9610"},"modified":"2026-02-07T04:26:06","modified_gmt":"2026-02-07T04:26:06","slug":"cambio-climatico-cop29","status":"publish","type":"page","link":"https:\/\/observatoirenature.org\/observatorio\/es\/cambio-climatico-cop29\/","title":{"rendered":"Cambio Clim\u00e1tico COP29"},"content":{"rendered":"\t\t<div data-elementor-type=\"wp-page\" data-elementor-id=\"9610\" class=\"elementor elementor-9610\" data-elementor-post-type=\"page\">\n\t\t\t\t<div class=\"elementor-element elementor-element-c5c01e6 hero e-flex e-con-boxed e-con e-parent\" data-id=\"c5c01e6\" data-element_type=\"container\" data-settings=\"{&quot;background_background&quot;:&quot;classic&quot;}\">\n\t\t\t\t\t<div class=\"e-con-inner\">\n\t\t<div class=\"elementor-element elementor-element-4cb75d6 e-con-full e-flex e-con e-child\" data-id=\"4cb75d6\" data-element_type=\"container\">\n\t\t\t\t<div class=\"elementor-element elementor-element-a0d6e41 elementor-invisible elementor-widget elementor-widget-heading\" data-id=\"a0d6e41\" data-element_type=\"widget\" data-settings=\"{&quot;_animation&quot;:&quot;slideInDown&quot;}\" data-widget_type=\"heading.default\">\n\t\t\t\t<div class=\"elementor-widget-container\">\n\t\t\t\t\t<h1 class=\"elementor-heading-title elementor-size-default\">Convenci\u00f3n Marco de las Naciones Unidas sobre el Cambio Clim\u00e1tico <br>COP29<\/h1>\t\t\t\t<\/div>\n\t\t\t\t<\/div>\n\t\t\t\t<\/div>\n\t\t\t\t<div class=\"elementor-element elementor-element-cd84e44 elementor-widget__width-initial elementor-absolute cover-image-source blue elementor-widget elementor-widget-text-editor\" data-id=\"cd84e44\" data-element_type=\"widget\" data-settings=\"{&quot;_position&quot;:&quot;absolute&quot;}\" data-widget_type=\"text-editor.default\">\n\t\t\t\t<div class=\"elementor-widget-container\">\n\t\t\t\t\t\t\t\t\t<p><strong>Image Source:<\/strong> <a href=\"https:\/\/commons.wikimedia.org\/wiki\/File:Victory_Arch_(Baku).jpg\" target=\"_blank\" rel=\"noopener\">Wikimedia Commons<\/a><\/p>\t\t\t\t\t\t\t\t<\/div>\n\t\t\t\t<\/div>\n\t\t\t\t\t<\/div>\n\t\t\t\t<\/div>\n\t\t<div class=\"elementor-element elementor-element-9cdac27 e-flex e-con-boxed e-con e-parent\" data-id=\"9cdac27\" data-element_type=\"container\">\n\t\t\t\t\t<div class=\"e-con-inner\">\n\t\t<div class=\"elementor-element elementor-element-d342cba e-con-full e-flex e-con e-child\" data-id=\"d342cba\" data-element_type=\"container\">\n\t\t\t\t<div class=\"elementor-element elementor-element-731838d elementor-widget elementor-widget-video\" data-id=\"731838d\" data-element_type=\"widget\" data-settings=\"{&quot;youtube_url&quot;:&quot;https:\\\/\\\/youtu.be\\\/mZs7RBc-VcQ?si=T5CniBQ9X4UvfEKy&quot;,&quot;video_type&quot;:&quot;youtube&quot;,&quot;controls&quot;:&quot;yes&quot;}\" data-widget_type=\"video.default\">\n\t\t\t\t<div class=\"elementor-widget-container\">\n\t\t\t\t\t\t\t<div class=\"elementor-wrapper elementor-open-inline\">\n\t\t\t<div class=\"elementor-video\"><\/div>\t\t<\/div>\n\t\t\t\t\t\t<\/div>\n\t\t\t\t<\/div>\n\t\t\t\t<\/div>\n\t\t<div class=\"elementor-element elementor-element-8e4954b e-con-full e-flex e-con e-child\" data-id=\"8e4954b\" data-element_type=\"container\">\n\t\t\t\t<div class=\"elementor-element elementor-element-45e1599 elementor-widget elementor-widget-heading\" data-id=\"45e1599\" data-element_type=\"widget\" data-widget_type=\"heading.default\">\n\t\t\t\t<div class=\"elementor-widget-container\">\n\t\t\t\t\t<h2 class=\"elementor-heading-title elementor-size-default\">La 29\u00aa Conferencia de las Partes de la Convenci\u00f3n Marco de las Naciones Unidas sobre el Cambio Clim\u00e1tico <span style=\"color:#00E0F5\">(COP29)<\/span><\/h2>\t\t\t\t<\/div>\n\t\t\t\t<\/div>\n\t\t\t\t<div class=\"elementor-element elementor-element-851e9b7 elementor-widget elementor-widget-text-editor\" data-id=\"851e9b7\" data-element_type=\"widget\" data-widget_type=\"text-editor.default\">\n\t\t\t\t<div class=\"elementor-widget-container\">\n\t\t\t\t\t\t\t\t\t<p>Este a\u00f1o, la Conferencia de las Partes de la Convenci\u00f3n Marco de las Naciones Unidas sobre el Cambio Clim\u00e1tico (COP29) se llevar\u00e1 a cabo en Bak\u00fa, Azerbaiy\u00e1n, del 11 al 22 de noviembre de 2024.<\/p><p>Como cada a\u00f1o, la cuesti\u00f3n primordial ser\u00e1 acelerar las medidas para combatir la crisis clim\u00e1tica. Este a\u00f1o, la discusi\u00f3n se centrar\u00e1 principalmente en la cuesti\u00f3n del financiamiento, ya que se necesitan billones de d\u00f3lares para que los pa\u00edses reduzcan significativamente sus emisiones de gases de efecto invernadero y luchen contra los efectos del cambio clim\u00e1tico.<\/p><p>Adem\u00e1s, las Partes deber\u00e1n presentar sus planes de acci\u00f3n nacionales actualizados para 2025, de acuerdo con el Acuerdo de Par\u00eds adoptado en la COP21 de 2015. Estos planes deber\u00edan contener las medidas tomadas por los Estados para limitar el calentamiento global a 1,5 \u00b0C en comparaci\u00f3n con los niveles preindustriales.<\/p>\t\t\t\t\t\t\t\t<\/div>\n\t\t\t\t<\/div>\n\t\t\t\t<\/div>\n\t\t\t\t\t<\/div>\n\t\t\t\t<\/div>\n\t\t<div class=\"elementor-element elementor-element-c22fa64 e-flex e-con-boxed e-con e-parent\" data-id=\"c22fa64\" data-element_type=\"container\">\n\t\t\t\t\t<div class=\"e-con-inner\">\n\t\t<div class=\"elementor-element elementor-element-e2df417 e-con-full e-flex e-con e-child\" data-id=\"e2df417\" data-element_type=\"container\">\n\t\t\t\t<div class=\"elementor-element elementor-element-4f3745a elementor-widget elementor-widget-heading\" data-id=\"4f3745a\" data-element_type=\"widget\" data-widget_type=\"heading.default\">\n\t\t\t\t<div class=\"elementor-widget-container\">\n\t\t\t\t\t<h2 class=\"elementor-heading-title elementor-size-default\"><span style=\"color:#00E0F5\">COP29<\/span> - Delegaci\u00f3n del OIDN<\/h2>\t\t\t\t<\/div>\n\t\t\t\t<\/div>\n\t\t<div class=\"elementor-element elementor-element-f366d70 e-con-full e-flex e-con e-child\" data-id=\"f366d70\" data-element_type=\"container\">\n\t\t<div class=\"elementor-element elementor-element-90e37fe e-con-full e-flex e-con e-child\" data-id=\"90e37fe\" data-element_type=\"container\">\n\t\t\t\t<div class=\"elementor-element elementor-element-3b404e4 elementor-widget elementor-widget-gallery\" data-id=\"3b404e4\" data-element_type=\"widget\" data-settings=\"{&quot;aspect_ratio&quot;:&quot;1:1&quot;,&quot;columns&quot;:1,&quot;columns_tablet&quot;:1,&quot;lazyload&quot;:&quot;yes&quot;,&quot;gallery_layout&quot;:&quot;grid&quot;,&quot;columns_mobile&quot;:1,&quot;gap&quot;:{&quot;unit&quot;:&quot;px&quot;,&quot;size&quot;:10,&quot;sizes&quot;:[]},&quot;gap_tablet&quot;:{&quot;unit&quot;:&quot;px&quot;,&quot;size&quot;:10,&quot;sizes&quot;:[]},&quot;gap_mobile&quot;:{&quot;unit&quot;:&quot;px&quot;,&quot;size&quot;:10,&quot;sizes&quot;:[]},&quot;link_to&quot;:&quot;file&quot;,&quot;overlay_background&quot;:&quot;yes&quot;,&quot;content_hover_animation&quot;:&quot;fade-in&quot;}\" data-widget_type=\"gallery.default\">\n\t\t\t\t<div class=\"elementor-widget-container\">\n\t\t\t\t\t\t\t<div class=\"elementor-gallery__container\">\n\t\t\t\t\t\t\t<a class=\"e-gallery-item elementor-gallery-item elementor-animated-content\" href=\"https:\/\/observatoirenature.org\/observatorio\/wp-content\/uploads\/2024\/11\/1731013210454.jpg\" data-elementor-open-lightbox=\"yes\" data-elementor-lightbox-slideshow=\"3b404e4\" data-elementor-lightbox-title=\"1731013210454\" data-e-action-hash=\"#elementor-action%3Aaction%3Dlightbox%26settings%3DeyJpZCI6NzY3MiwidXJsIjoiaHR0cHM6XC9cL29ic2VydmF0b2lyZW5hdHVyZS5vcmdcL29ic2VydmF0b3Jpb1wvd3AtY29udGVudFwvdXBsb2Fkc1wvMjAyNFwvMTFcLzE3MzEwMTMyMTA0NTQuanBnIiwic2xpZGVzaG93IjoiM2I0MDRlNCJ9\">\n\t\t\t\t\t<div class=\"e-gallery-image elementor-gallery-item__image\" data-thumbnail=\"https:\/\/observatoirenature.org\/observatorio\/wp-content\/uploads\/2024\/11\/1731013210454-1024x1024.jpg\" data-width=\"1024\" data-height=\"1024\" aria-label=\"\" role=\"img\" ><\/div>\n\t\t\t\t\t\t\t\t\t\t\t<div class=\"elementor-gallery-item__overlay\"><\/div>\n\t\t\t\t\t\t\t\t\t\t\t\t\t\t<\/a>\n\t\t\t\t\t<\/div>\n\t\t\t\t\t<\/div>\n\t\t\t\t<\/div>\n\t\t\t\t<\/div>\n\t\t\t\t<\/div>\n\t\t\t\t<\/div>\n\t\t\t\t\t<\/div>\n\t\t\t\t<\/div>\n\t\t<div class=\"elementor-element elementor-element-97ea11a e-flex e-con-boxed e-con e-parent\" data-id=\"97ea11a\" data-element_type=\"container\">\n\t\t\t\t\t<div class=\"e-con-inner\">\n\t\t<div class=\"elementor-element elementor-element-5ebb679 e-con-full e-flex e-con e-child\" data-id=\"5ebb679\" data-element_type=\"container\">\n\t\t\t\t<div class=\"elementor-element elementor-element-a20983c elementor-widget elementor-widget-heading\" data-id=\"a20983c\" data-element_type=\"widget\" data-widget_type=\"heading.default\">\n\t\t\t\t<div class=\"elementor-widget-container\">\n\t\t\t\t\t<h2 class=\"elementor-heading-title elementor-size-default\">OIDN - <span style=\"color:#00E0F5\">COP29<\/span> - Comunicado de Prensa<\/h2>\t\t\t\t<\/div>\n\t\t\t\t<\/div>\n\t\t\t\t<div class=\"elementor-element elementor-element-03ef248 elementor-widget elementor-widget-heading\" data-id=\"03ef248\" data-element_type=\"widget\" data-widget_type=\"heading.default\">\n\t\t\t\t<div class=\"elementor-widget-container\">\n\t\t\t\t\t<h3 class=\"elementor-heading-title elementor-size-default\"><a href=\"https:\/\/observatoirenature.org\/observatorio\/wp-content\/uploads\/2024\/11\/Comunicado-de-Prensa-COP-29.pdf\" target=\"_blank\" rel=\"nofollow\">Enlace al Comunicado de Prensa<\/a><\/h3>\t\t\t\t<\/div>\n\t\t\t\t<\/div>\n\t\t<div class=\"elementor-element elementor-element-978ec79 e-con-full e-flex e-con e-child\" data-id=\"978ec79\" data-element_type=\"container\">\n\t\t<div class=\"elementor-element elementor-element-831633e e-con-full e-flex e-con e-child\" data-id=\"831633e\" data-element_type=\"container\">\n\t\t\t\t<div class=\"elementor-element elementor-element-821cb0e elementor-widget elementor-widget-gallery\" data-id=\"821cb0e\" data-element_type=\"widget\" data-settings=\"{&quot;gallery_layout&quot;:&quot;justified&quot;,&quot;ideal_row_height&quot;:{&quot;unit&quot;:&quot;px&quot;,&quot;size&quot;:600,&quot;sizes&quot;:[]},&quot;ideal_row_height_tablet&quot;:{&quot;unit&quot;:&quot;px&quot;,&quot;size&quot;:400,&quot;sizes&quot;:[]},&quot;ideal_row_height_mobile&quot;:{&quot;unit&quot;:&quot;px&quot;,&quot;size&quot;:300,&quot;sizes&quot;:[]},&quot;lazyload&quot;:&quot;yes&quot;,&quot;gap&quot;:{&quot;unit&quot;:&quot;px&quot;,&quot;size&quot;:10,&quot;sizes&quot;:[]},&quot;gap_tablet&quot;:{&quot;unit&quot;:&quot;px&quot;,&quot;size&quot;:10,&quot;sizes&quot;:[]},&quot;gap_mobile&quot;:{&quot;unit&quot;:&quot;px&quot;,&quot;size&quot;:10,&quot;sizes&quot;:[]},&quot;link_to&quot;:&quot;file&quot;,&quot;overlay_background&quot;:&quot;yes&quot;,&quot;content_hover_animation&quot;:&quot;fade-in&quot;}\" data-widget_type=\"gallery.default\">\n\t\t\t\t<div class=\"elementor-widget-container\">\n\t\t\t\t\t\t\t<div class=\"elementor-gallery__container\">\n\t\t\t\t\t\t\t<a class=\"e-gallery-item elementor-gallery-item elementor-animated-content\" href=\"https:\/\/observatoirenature.org\/observatorio\/wp-content\/uploads\/2024\/11\/Comunicado-de-Prensa-1st-page.png\" data-elementor-open-lightbox=\"yes\" data-elementor-lightbox-slideshow=\"821cb0e\" data-elementor-lightbox-title=\"Comunicado de Prensa - 1st page\" data-e-action-hash=\"#elementor-action%3Aaction%3Dlightbox%26settings%3DeyJpZCI6Nzk3NCwidXJsIjoiaHR0cHM6XC9cL29ic2VydmF0b2lyZW5hdHVyZS5vcmdcL29ic2VydmF0b3Jpb1wvd3AtY29udGVudFwvdXBsb2Fkc1wvMjAyNFwvMTFcL0NvbXVuaWNhZG8tZGUtUHJlbnNhLTFzdC1wYWdlLnBuZyIsInNsaWRlc2hvdyI6IjgyMWNiMGUifQ%3D%3D\">\n\t\t\t\t\t<div class=\"e-gallery-image elementor-gallery-item__image\" data-thumbnail=\"https:\/\/observatoirenature.org\/observatorio\/wp-content\/uploads\/2024\/11\/Comunicado-de-Prensa-1st-page-790x1024.png\" data-width=\"790\" data-height=\"1024\" aria-label=\"\" role=\"img\" ><\/div>\n\t\t\t\t\t\t\t\t\t\t\t<div class=\"elementor-gallery-item__overlay\"><\/div>\n\t\t\t\t\t\t\t\t\t\t\t\t\t\t<\/a>\n\t\t\t\t\t\t\t<a class=\"e-gallery-item elementor-gallery-item elementor-animated-content\" href=\"https:\/\/observatoirenature.org\/observatorio\/wp-content\/uploads\/2024\/11\/Press-Release-COP-29-2nd-page.png\" data-elementor-open-lightbox=\"yes\" data-elementor-lightbox-slideshow=\"821cb0e\" data-elementor-lightbox-title=\"Press Release COP-29 - 2nd page\" data-e-action-hash=\"#elementor-action%3Aaction%3Dlightbox%26settings%3DeyJpZCI6Nzk3NiwidXJsIjoiaHR0cHM6XC9cL29ic2VydmF0b2lyZW5hdHVyZS5vcmdcL29ic2VydmF0b3Jpb1wvd3AtY29udGVudFwvdXBsb2Fkc1wvMjAyNFwvMTFcL1ByZXNzLVJlbGVhc2UtQ09QLTI5LTJuZC1wYWdlLnBuZyIsInNsaWRlc2hvdyI6IjgyMWNiMGUifQ%3D%3D\">\n\t\t\t\t\t<div class=\"e-gallery-image elementor-gallery-item__image\" data-thumbnail=\"https:\/\/observatoirenature.org\/observatorio\/wp-content\/uploads\/2024\/11\/Press-Release-COP-29-2nd-page-791x1024.png\" data-width=\"791\" data-height=\"1024\" aria-label=\"\" role=\"img\" ><\/div>\n\t\t\t\t\t\t\t\t\t\t\t<div class=\"elementor-gallery-item__overlay\"><\/div>\n\t\t\t\t\t\t\t\t\t\t\t\t\t\t<\/a>\n\t\t\t\t\t<\/div>\n\t\t\t\t\t<\/div>\n\t\t\t\t<\/div>\n\t\t\t\t<\/div>\n\t\t\t\t<\/div>\n\t\t\t\t<\/div>\n\t\t\t\t\t<\/div>\n\t\t\t\t<\/div>\n\t\t\t\t<\/div>\n\t\t","protected":false},"excerpt":{"rendered":"<p>Convenci\u00f3n Marco de las Naciones Unidas sobre el Cambio Clim\u00e1tico COP29 Image Source: Wikimedia Commons https:\/\/youtu.be\/mZs7RBc-VcQ?si=T5CniBQ9X4UvfEKy La 29\u00aa Conferencia de las Partes de la Convenci\u00f3n Marco de las Naciones Unidas sobre el Cambio Clim\u00e1tico (COP29) Este a\u00f1o, la Conferencia de las Partes de la Convenci\u00f3n Marco de las Naciones Unidas sobre el Cambio Clim\u00e1tico (COP29) [&hellip;]<\/p>\n","protected":false},"author":8,"featured_media":0,"parent":0,"menu_order":0,"comment_status":"closed","ping_status":"closed","template":"elementor_header_footer","meta":{"site-sidebar-layout":"no-sidebar","site-content-layout":"page-builder","ast-site-content-layout":"full-width-container","site-content-style":"default","site-sidebar-style":"default","ast-global-header-display":"","ast-banner-title-visibility":"","ast-main-header-display":"","ast-hfb-above-header-display":"","ast-hfb-below-header-display":"","ast-hfb-mobile-header-display":"","site-post-title":"disabled","ast-breadcrumbs-content":"","ast-featured-img":"disabled","footer-sml-layout":"","ast-disable-related-posts":"","theme-transparent-header-meta":"","adv-header-id-meta":"","stick-header-meta":"","header-above-stick-meta":"","header-main-stick-meta":"","header-below-stick-meta":"","astra-migrate-meta-layouts":"set","ast-page-background-enabled":"default","ast-page-background-meta":{"desktop":{"background-color":"var(--ast-global-color-4)","background-image":"","background-repeat":"repeat","background-position":"center center","background-size":"auto","background-attachment":"scroll","background-type":"","background-media":"","overlay-type":"","overlay-color":"","overlay-opacity":"","overlay-gradient":""},"tablet":{"background-color":"","background-image":"","background-repeat":"repeat","background-position":"center center","background-size":"auto","background-attachment":"scroll","background-type":"","background-media":"","overlay-type":"","overlay-color":"","overlay-opacity":"","overlay-gradient":""},"mobile":{"background-color":"","background-image":"","background-repeat":"repeat","background-position":"center center","background-size":"auto","background-attachment":"scroll","background-type":"","background-media":"","overlay-type":"","overlay-color":"","overlay-opacity":"","overlay-gradient":""}},"ast-content-background-meta":{"desktop":{"background-color":"var(--ast-global-color-5)","background-image":"","background-repeat":"repeat","background-position":"center center","background-size":"auto","background-attachment":"scroll","background-type":"","background-media":"","overlay-type":"","overlay-color":"","overlay-opacity":"","overlay-gradient":""},"tablet":{"background-color":"var(--ast-global-color-5)","background-image":"","background-repeat":"repeat","background-position":"center center","background-size":"auto","background-attachment":"scroll","background-type":"","background-media":"","overlay-type":"","overlay-color":"","overlay-opacity":"","overlay-gradient":""},"mobile":{"background-color":"var(--ast-global-color-5)","background-image":"","background-repeat":"repeat","background-position":"center center","background-size":"auto","background-attachment":"scroll","background-type":"","background-media":"","overlay-type":"","overlay-color":"","overlay-opacity":"","overlay-gradient":""}},"footnotes":""},"class_list":["post-9610","page","type-page","status-publish","hentry"],"_links":{"self":[{"href":"https:\/\/observatoirenature.org\/observatorio\/wp-json\/wp\/v2\/pages\/9610","targetHints":{"allow":["GET"]}}],"collection":[{"href":"https:\/\/observatoirenature.org\/observatorio\/wp-json\/wp\/v2\/pages"}],"about":[{"href":"https:\/\/observatoirenature.org\/observatorio\/wp-json\/wp\/v2\/types\/page"}],"author":[{"embeddable":true,"href":"https:\/\/observatoirenature.org\/observatorio\/wp-json\/wp\/v2\/users\/8"}],"replies":[{"embeddable":true,"href":"https:\/\/observatoirenature.org\/observatorio\/wp-json\/wp\/v2\/comments?post=9610"}],"version-history":[{"count":7,"href":"https:\/\/observatoirenature.org\/observatorio\/wp-json\/wp\/v2\/pages\/9610\/revisions"}],"predecessor-version":[{"id":9635,"href":"https:\/\/observatoirenature.org\/observatorio\/wp-json\/wp\/v2\/pages\/9610\/revisions\/9635"}],"wp:attachment":[{"href":"https:\/\/observatoirenature.org\/observatorio\/wp-json\/wp\/v2\/media?parent=9610"}],"curies":[{"name":"wp","href":"https:\/\/api.w.org\/{rel}","templated":true}]}}