{"id":724,"date":"2022-06-03T22:44:47","date_gmt":"2022-06-03T22:44:47","guid":{"rendered":"https:\/\/observatoirenature.org\/observatorio\/?page_id=724"},"modified":"2022-07-28T01:19:10","modified_gmt":"2022-07-28T01:19:10","slug":"paramo-santurban-esp","status":"publish","type":"page","link":"https:\/\/observatoirenature.org\/observatorio\/es\/paramo-santurban-esp\/","title":{"rendered":"P\u00e1ramo Santurb\u00e1n"},"content":{"rendered":"\t\t<div data-elementor-type=\"wp-page\" data-elementor-id=\"724\" class=\"elementor elementor-724\" data-elementor-post-type=\"page\">\n\t\t\t\t\t\t<section class=\"elementor-section elementor-top-section elementor-element elementor-element-c698a06 elementor-section-content-middle elementor-section-boxed elementor-section-height-default elementor-section-height-default\" data-id=\"c698a06\" data-element_type=\"section\" data-settings=\"{&quot;background_background&quot;:&quot;classic&quot;}\">\n\t\t\t\t\t\t\t<div class=\"elementor-background-overlay\"><\/div>\n\t\t\t\t\t\t\t<div class=\"elementor-container elementor-column-gap-no\">\n\t\t\t\t\t<div class=\"elementor-column elementor-col-100 elementor-top-column elementor-element elementor-element-7c5b953\" data-id=\"7c5b953\" data-element_type=\"column\">\n\t\t\t<div class=\"elementor-widget-wrap elementor-element-populated\">\n\t\t\t\t\t\t<div class=\"elementor-element elementor-element-bf61fc0 elementor-invisible elementor-widget elementor-widget-heading\" data-id=\"bf61fc0\" data-element_type=\"widget\" data-settings=\"{&quot;_animation&quot;:&quot;slideInDown&quot;}\" data-widget_type=\"heading.default\">\n\t\t\t\t<div class=\"elementor-widget-container\">\n\t\t\t\t\t<h2 class=\"elementor-heading-title elementor-size-default\">P\u00e1ramo Santurb\u00e1n<\/h2>\t\t\t\t<\/div>\n\t\t\t\t<\/div>\n\t\t\t\t\t<\/div>\n\t\t<\/div>\n\t\t\t\t\t<\/div>\n\t\t<\/section>\n\t\t\t\t<section class=\"elementor-section elementor-top-section elementor-element elementor-element-b3eca23 elementor-section-boxed elementor-section-height-default elementor-section-height-default\" data-id=\"b3eca23\" data-element_type=\"section\">\n\t\t\t\t\t\t<div class=\"elementor-container elementor-column-gap-default\">\n\t\t\t\t\t<div class=\"elementor-column elementor-col-100 elementor-top-column elementor-element elementor-element-16e0c22\" data-id=\"16e0c22\" data-element_type=\"column\">\n\t\t\t<div class=\"elementor-widget-wrap elementor-element-populated\">\n\t\t\t\t\t\t<div class=\"elementor-element elementor-element-0f90375 elementor-widget elementor-widget-heading\" data-id=\"0f90375\" data-element_type=\"widget\" data-widget_type=\"heading.default\">\n\t\t\t\t<div class=\"elementor-widget-container\">\n\t\t\t\t\t<div class=\"elementor-heading-title elementor-size-default\">P\u00e1ramo Santurb\u00e1n <span style=\"color:#3CBA39\">(Santander, Colombia)<\/span><\/div>\t\t\t\t<\/div>\n\t\t\t\t<\/div>\n\t\t\t\t\t<\/div>\n\t\t<\/div>\n\t\t\t\t\t<\/div>\n\t\t<\/section>\n\t\t\t\t<section class=\"elementor-section elementor-top-section elementor-element elementor-element-f54df50 elementor-section-boxed elementor-section-height-default elementor-section-height-default\" data-id=\"f54df50\" data-element_type=\"section\">\n\t\t\t\t\t\t<div class=\"elementor-container elementor-column-gap-default\">\n\t\t\t\t\t<div class=\"elementor-column elementor-col-100 elementor-top-column elementor-element elementor-element-836b668\" data-id=\"836b668\" data-element_type=\"column\">\n\t\t\t<div class=\"elementor-widget-wrap elementor-element-populated\">\n\t\t\t\t\t\t<div class=\"elementor-element elementor-element-c51e9da elementor-widget elementor-widget-text-editor\" data-id=\"c51e9da\" data-element_type=\"widget\" data-widget_type=\"text-editor.default\">\n\t\t\t\t<div class=\"elementor-widget-container\">\n\t\t\t\t\t\t\t\t\t<p><span style=\"font-weight: 400;\">El P\u00e1ramo Santurb\u00e1n en Santander, Colombia, es una cadena monta\u00f1osa que atraviesa la mayor crisis de su historia. En su cima alberga una fuente de agua de gran importancia en t\u00e9rminos de diversidad ecol\u00f3gica que debe protegerse de la explotaci\u00f3n de los recursos minerales que all\u00ed reposan.<\/span><\/p><p><span style=\"font-weight: 400;\">La principal actividad econ\u00f3mica de la regi\u00f3n es la miner\u00eda artesanal. Un peque\u00f1o porcentaje de la poblaci\u00f3n se dedica a otras actividades, como la agricultura y la ganader\u00eda. Se emiten alrededor de 65 licencias comerciales a empresas, la mayor\u00eda de las cuales son empresas canadienses.<\/span><\/p>\t\t\t\t\t\t\t\t<\/div>\n\t\t\t\t<\/div>\n\t\t\t\t\t<\/div>\n\t\t<\/div>\n\t\t\t\t\t<\/div>\n\t\t<\/section>\n\t\t\t\t<section class=\"elementor-section elementor-top-section elementor-element elementor-element-c0927c0 elementor-section-boxed elementor-section-height-default elementor-section-height-default\" data-id=\"c0927c0\" data-element_type=\"section\">\n\t\t\t\t\t\t<div class=\"elementor-container elementor-column-gap-default\">\n\t\t\t\t\t<div class=\"elementor-column elementor-col-50 elementor-top-column elementor-element elementor-element-d2d7d02\" data-id=\"d2d7d02\" data-element_type=\"column\">\n\t\t\t<div class=\"elementor-widget-wrap elementor-element-populated\">\n\t\t\t\t\t\t<div class=\"elementor-element elementor-element-09149e3 elementor-widget elementor-widget-image\" data-id=\"09149e3\" data-element_type=\"widget\" data-widget_type=\"image.default\">\n\t\t\t\t<div class=\"elementor-widget-container\">\n\t\t\t\t\t\t\t\t\t\t\t\t\t\t\t<img fetchpriority=\"high\" decoding=\"async\" width=\"768\" height=\"492\" src=\"https:\/\/observatoirenature.org\/observatorio\/wp-content\/uploads\/2022\/06\/Paramo_Santurban-768x492-2.jpg\" class=\"attachment-large size-large wp-image-710\" alt=\"\" srcset=\"https:\/\/observatoirenature.org\/observatorio\/wp-content\/uploads\/2022\/06\/Paramo_Santurban-768x492-2.jpg 768w, https:\/\/observatoirenature.org\/observatorio\/wp-content\/uploads\/2022\/06\/Paramo_Santurban-768x492-2-300x192.jpg 300w\" sizes=\"(max-width: 768px) 100vw, 768px\" \/>\t\t\t\t\t\t\t\t\t\t\t\t\t\t\t<\/div>\n\t\t\t\t<\/div>\n\t\t\t\t\t<\/div>\n\t\t<\/div>\n\t\t\t\t<div class=\"elementor-column elementor-col-50 elementor-top-column elementor-element elementor-element-b6474f4\" data-id=\"b6474f4\" data-element_type=\"column\">\n\t\t\t<div class=\"elementor-widget-wrap elementor-element-populated\">\n\t\t\t\t\t\t<div class=\"elementor-element elementor-element-5b8d437 elementor-widget elementor-widget-text-editor\" data-id=\"5b8d437\" data-element_type=\"widget\" data-widget_type=\"text-editor.default\">\n\t\t\t\t<div class=\"elementor-widget-container\">\n\t\t\t\t\t\t\t\t\t<p><span style=\"font-weight: 400;\">La existencia de una disputa de arbitraje internacional ante el Centro Internacional de Arreglo de Diferencias Relativas a Inversiones (CIADI) ha provocado una evidente desintegraci\u00f3n social. Esta es solo una de las varias crisis que merecen ser mencionadas, ya que tiene un impacto significativo en la protecci\u00f3n del medio ambiente y los derechos de las generaciones futuras a un medio ambiente sano.<\/span><\/p><p><span style=\"font-weight: 400;\">Desde esta perspectiva, el reconocimiento de P\u00e1ramo Santurb\u00e1n como sujeto de derecho asegurar\u00eda que las decisiones futuras no se tomen en beneficio exclusivo de los seres humanos o de la econom\u00eda, sino tambi\u00e9n de la protecci\u00f3n de la Naturaleza y por lo tanto, las generaciones futuras. Esta declaraci\u00f3n tambi\u00e9n permitir\u00e1 reclamar una indemnizaci\u00f3n por da\u00f1os ecol\u00f3gicos y obtener una indemnizaci\u00f3n por da\u00f1os directamente relacionados con la Naturaleza.<\/span><\/p><p><span style=\"font-weight: 400;\">\u00a0<\/span><span style=\"font-weight: 400;\">La OIDN est\u00e1 trabajando para identificar los argumentos legales necesarios para la presentaci\u00f3n de una denuncia en los tribunales de Colombia, a fin de solicitar la aplicaci\u00f3n del precedente establecido por la Corte Constitucional en la sentencia T-622 de 2017, que reconoci\u00f3 que un r\u00edo es un sujeto de derecho.<\/span><\/p>\t\t\t\t\t\t\t\t<\/div>\n\t\t\t\t<\/div>\n\t\t\t\t\t<\/div>\n\t\t<\/div>\n\t\t\t\t\t<\/div>\n\t\t<\/section>\n\t\t\t\t<\/div>\n\t\t","protected":false},"excerpt":{"rendered":"<p>P\u00e1ramo Santurb\u00e1n P\u00e1ramo Santurb\u00e1n (Santander, Colombia) El P\u00e1ramo Santurb\u00e1n en Santander, Colombia, es una cadena monta\u00f1osa que atraviesa la mayor crisis de su historia. En su cima alberga una fuente de agua de gran importancia en t\u00e9rminos de diversidad ecol\u00f3gica que debe protegerse de la explotaci\u00f3n de los recursos minerales que all\u00ed reposan. La principal [&hellip;]<\/p>\n","protected":false},"author":1,"featured_media":0,"parent":0,"menu_order":0,"comment_status":"closed","ping_status":"closed","template":"","meta":{"site-sidebar-layout":"no-sidebar","site-content-layout":"page-builder","ast-site-content-layout":"default","site-content-style":"default","site-sidebar-style":"default","ast-global-header-display":"","ast-banner-title-visibility":"","ast-main-header-display":"","ast-hfb-above-header-display":"","ast-hfb-below-header-display":"","ast-hfb-mobile-header-display":"","site-post-title":"disabled","ast-breadcrumbs-content":"","ast-featured-img":"disabled","footer-sml-layout":"","ast-disable-related-posts":"","theme-transparent-header-meta":"","adv-header-id-meta":"","stick-header-meta":"","header-above-stick-meta":"","header-main-stick-meta":"","header-below-stick-meta":"","astra-migrate-meta-layouts":"default","ast-page-background-enabled":"default","ast-page-background-meta":{"desktop":{"background-color":"var(--ast-global-color-4)","background-image":"","background-repeat":"repeat","background-position":"center center","background-size":"auto","background-attachment":"scroll","background-type":"","background-media":"","overlay-type":"","overlay-color":"","overlay-opacity":"","overlay-gradient":""},"tablet":{"background-color":"","background-image":"","background-repeat":"repeat","background-position":"center center","background-size":"auto","background-attachment":"scroll","background-type":"","background-media":"","overlay-type":"","overlay-color":"","overlay-opacity":"","overlay-gradient":""},"mobile":{"background-color":"","background-image":"","background-repeat":"repeat","background-position":"center center","background-size":"auto","background-attachment":"scroll","background-type":"","background-media":"","overlay-type":"","overlay-color":"","overlay-opacity":"","overlay-gradient":""}},"ast-content-background-meta":{"desktop":{"background-color":"var(--ast-global-color-5)","background-image":"","background-repeat":"repeat","background-position":"center center","background-size":"auto","background-attachment":"scroll","background-type":"","background-media":"","overlay-type":"","overlay-color":"","overlay-opacity":"","overlay-gradient":""},"tablet":{"background-color":"var(--ast-global-color-5)","background-image":"","background-repeat":"repeat","background-position":"center center","background-size":"auto","background-attachment":"scroll","background-type":"","background-media":"","overlay-type":"","overlay-color":"","overlay-opacity":"","overlay-gradient":""},"mobile":{"background-color":"var(--ast-global-color-5)","background-image":"","background-repeat":"repeat","background-position":"center center","background-size":"auto","background-attachment":"scroll","background-type":"","background-media":"","overlay-type":"","overlay-color":"","overlay-opacity":"","overlay-gradient":""}},"footnotes":""},"class_list":["post-724","page","type-page","status-publish","hentry"],"_links":{"self":[{"href":"https:\/\/observatoirenature.org\/observatorio\/wp-json\/wp\/v2\/pages\/724","targetHints":{"allow":["GET"]}}],"collection":[{"href":"https:\/\/observatoirenature.org\/observatorio\/wp-json\/wp\/v2\/pages"}],"about":[{"href":"https:\/\/observatoirenature.org\/observatorio\/wp-json\/wp\/v2\/types\/page"}],"author":[{"embeddable":true,"href":"https:\/\/observatoirenature.org\/observatorio\/wp-json\/wp\/v2\/users\/1"}],"replies":[{"embeddable":true,"href":"https:\/\/observatoirenature.org\/observatorio\/wp-json\/wp\/v2\/comments?post=724"}],"version-history":[{"count":8,"href":"https:\/\/observatoirenature.org\/observatorio\/wp-json\/wp\/v2\/pages\/724\/revisions"}],"predecessor-version":[{"id":2701,"href":"https:\/\/observatoirenature.org\/observatorio\/wp-json\/wp\/v2\/pages\/724\/revisions\/2701"}],"wp:attachment":[{"href":"https:\/\/observatoirenature.org\/observatorio\/wp-json\/wp\/v2\/media?parent=724"}],"curies":[{"name":"wp","href":"https:\/\/api.w.org\/{rel}","templated":true}]}}