{"id":532,"date":"2022-06-03T21:16:21","date_gmt":"2022-06-03T21:16:21","guid":{"rendered":"https:\/\/observatoirenature.org\/observatorio\/?page_id=532"},"modified":"2022-07-28T01:07:00","modified_gmt":"2022-07-28T01:07:00","slug":"rio-san-lorenzo-quebec-canada","status":"publish","type":"page","link":"https:\/\/observatoirenature.org\/observatorio\/es\/rio-san-lorenzo-quebec-canada\/","title":{"rendered":"R\u00edo San Lorenzo (Quebec, Canad\u00e1)"},"content":{"rendered":"\t\t<div data-elementor-type=\"wp-page\" data-elementor-id=\"532\" class=\"elementor elementor-532\" data-elementor-post-type=\"page\">\n\t\t\t\t\t\t<section class=\"elementor-section elementor-top-section elementor-element elementor-element-fde57b2 elementor-section-content-middle elementor-section-boxed elementor-section-height-default elementor-section-height-default\" data-id=\"fde57b2\" data-element_type=\"section\" data-settings=\"{&quot;background_background&quot;:&quot;classic&quot;}\">\n\t\t\t\t\t\t\t<div class=\"elementor-background-overlay\"><\/div>\n\t\t\t\t\t\t\t<div class=\"elementor-container elementor-column-gap-no\">\n\t\t\t\t\t<div class=\"elementor-column elementor-col-100 elementor-top-column elementor-element elementor-element-5c8f65e\" data-id=\"5c8f65e\" data-element_type=\"column\">\n\t\t\t<div class=\"elementor-widget-wrap elementor-element-populated\">\n\t\t\t\t\t\t<div class=\"elementor-element elementor-element-dcc416f elementor-invisible elementor-widget elementor-widget-heading\" data-id=\"dcc416f\" data-element_type=\"widget\" data-settings=\"{&quot;_animation&quot;:&quot;slideInDown&quot;}\" data-widget_type=\"heading.default\">\n\t\t\t\t<div class=\"elementor-widget-container\">\n\t\t\t\t\t<h2 class=\"elementor-heading-title elementor-size-default\">R\u00edo San Lorenzo (Quebec, Canad\u00e1)<\/h2>\t\t\t\t<\/div>\n\t\t\t\t<\/div>\n\t\t\t\t\t<\/div>\n\t\t<\/div>\n\t\t\t\t\t<\/div>\n\t\t<\/section>\n\t\t\t\t<section class=\"elementor-section elementor-top-section elementor-element elementor-element-1423d93 elementor-section-boxed elementor-section-height-default elementor-section-height-default\" data-id=\"1423d93\" data-element_type=\"section\">\n\t\t\t\t\t\t<div class=\"elementor-container elementor-column-gap-default\">\n\t\t\t\t\t<div class=\"elementor-column elementor-col-50 elementor-top-column elementor-element elementor-element-fc3c1c8\" data-id=\"fc3c1c8\" data-element_type=\"column\">\n\t\t\t<div class=\"elementor-widget-wrap elementor-element-populated\">\n\t\t\t\t\t\t<div class=\"elementor-element elementor-element-2e85ab8 elementor-widget elementor-widget-image\" data-id=\"2e85ab8\" data-element_type=\"widget\" data-widget_type=\"image.default\">\n\t\t\t\t<div class=\"elementor-widget-container\">\n\t\t\t\t\t\t\t\t\t\t\t\t\t\t\t<img fetchpriority=\"high\" decoding=\"async\" width=\"590\" height=\"425\" src=\"https:\/\/observatoirenature.org\/observatorio\/wp-content\/uploads\/2022\/06\/StLawrence_stations_f.gif\" class=\"attachment-large size-large wp-image-280\" alt=\"\" \/>\t\t\t\t\t\t\t\t\t\t\t\t\t\t\t<\/div>\n\t\t\t\t<\/div>\n\t\t\t\t\t<\/div>\n\t\t<\/div>\n\t\t\t\t<div class=\"elementor-column elementor-col-50 elementor-top-column elementor-element elementor-element-ab93ecf\" data-id=\"ab93ecf\" data-element_type=\"column\">\n\t\t\t<div class=\"elementor-widget-wrap elementor-element-populated\">\n\t\t\t\t\t\t<div class=\"elementor-element elementor-element-2028674 elementor-widget elementor-widget-text-editor\" data-id=\"2028674\" data-element_type=\"widget\" data-widget_type=\"text-editor.default\">\n\t\t\t\t<div class=\"elementor-widget-container\">\n\t\t\t\t\t\t\t\t\t<p><span style=\"font-weight: 400;\">Es en la edici\u00f3n de diciembre de 2017 de la reconocida revista BioScience, que varios cient\u00edficos de Quebec unieron sus voces a los \u201cCient\u00edficos del mundo\u201d para \u201chacer sonar de nuevo la alarma sobre el desastroso costo de la gobernanza humana en cuesti\u00f3n medioambiental \u201d[1], en particular con respecto a la disponibilidad de agua dulce per c\u00e1pita en el planeta. De hecho, seg\u00fan el estudio, los recursos de agua dulce disponibles se han reducido a la mitad desde la d\u00e9cada de 1960 debido, entre otras cosas, a los efectos desastrosos del cambio clim\u00e1tico.<\/span><\/p>\t\t\t\t\t\t\t\t<\/div>\n\t\t\t\t<\/div>\n\t\t\t\t\t<\/div>\n\t\t<\/div>\n\t\t\t\t\t<\/div>\n\t\t<\/section>\n\t\t\t\t<section class=\"elementor-section elementor-top-section elementor-element elementor-element-fd87484 elementor-section-boxed elementor-section-height-default elementor-section-height-default\" data-id=\"fd87484\" data-element_type=\"section\">\n\t\t\t\t\t\t<div class=\"elementor-container elementor-column-gap-default\">\n\t\t\t\t\t<div class=\"elementor-column elementor-col-100 elementor-top-column elementor-element elementor-element-cc0478c\" data-id=\"cc0478c\" data-element_type=\"column\">\n\t\t\t<div class=\"elementor-widget-wrap elementor-element-populated\">\n\t\t\t\t\t\t<div class=\"elementor-element elementor-element-80519db elementor-widget elementor-widget-text-editor\" data-id=\"80519db\" data-element_type=\"widget\" data-widget_type=\"text-editor.default\">\n\t\t\t\t<div class=\"elementor-widget-container\">\n\t\t\t\t\t\t\t\t\t<p><span style=\"font-weight: 400;\">Adem\u00e1s de esto, necesita saber m\u00e1s al respecto.<\/span><\/p><p><span style=\"font-weight: 400;\">En cuanto a Quebec, es importante destacar que con una superficie cubierta por un 22% de agua dulce, esta \u00faltima alberga el 3% de los recursos h\u00eddricos del planeta [2] mientras que los quebequenses no representaron, en 2017, a apenas el 0,11% de la poblaci\u00f3n mundial [3].<\/span><\/p><p><span style=\"font-weight: 400;\">Con el objetivo de hacerse cargo de la protecci\u00f3n de los recursos h\u00eddricos de Quebec, la Asamblea Nacional adopt\u00f3 en 2009 la Ley que afirma el car\u00e1cter colectivo de los recursos h\u00eddricos y promueve una mejor gobernanza del agua y los entornos asociados [4] en donde afirma que el agua es &#8220;esencial para la vida y que es un recurso vulnerable y agotable&#8221;, que es parte &#8220;del patrimonio com\u00fan de la naci\u00f3n quebequense y que es importante preservar y mejorar la gesti\u00f3n para satisfacer las necesidades de las generaciones actuales y futuras \u201d[5].<\/span><\/p>\t\t\t\t\t\t\t\t<\/div>\n\t\t\t\t<\/div>\n\t\t\t\t\t<\/div>\n\t\t<\/div>\n\t\t\t\t\t<\/div>\n\t\t<\/section>\n\t\t\t\t<section class=\"elementor-section elementor-top-section elementor-element elementor-element-ca0ceb1 elementor-section-boxed elementor-section-height-default elementor-section-height-default\" data-id=\"ca0ceb1\" data-element_type=\"section\">\n\t\t\t\t\t\t<div class=\"elementor-container elementor-column-gap-default\">\n\t\t\t\t\t<div class=\"elementor-column elementor-col-100 elementor-top-column elementor-element elementor-element-d0d1e3a\" data-id=\"d0d1e3a\" data-element_type=\"column\">\n\t\t\t<div class=\"elementor-widget-wrap elementor-element-populated\">\n\t\t\t\t\t\t<div class=\"elementor-element elementor-element-a445556 elementor-widget elementor-widget-image\" data-id=\"a445556\" data-element_type=\"widget\" data-widget_type=\"image.default\">\n\t\t\t\t<div class=\"elementor-widget-container\">\n\t\t\t\t\t\t\t\t\t\t\t\t\t\t\t<img decoding=\"async\" width=\"768\" height=\"576\" src=\"https:\/\/observatoirenature.org\/observatorio\/wp-content\/uploads\/2022\/06\/IMG_20200715_043733-1-768x576-1.jpg\" class=\"attachment-large size-large wp-image-279\" alt=\"\" srcset=\"https:\/\/observatoirenature.org\/observatorio\/wp-content\/uploads\/2022\/06\/IMG_20200715_043733-1-768x576-1.jpg 768w, https:\/\/observatoirenature.org\/observatorio\/wp-content\/uploads\/2022\/06\/IMG_20200715_043733-1-768x576-1-300x225.jpg 300w\" sizes=\"(max-width: 768px) 100vw, 768px\" \/>\t\t\t\t\t\t\t\t\t\t\t\t\t\t\t<\/div>\n\t\t\t\t<\/div>\n\t\t\t\t\t<\/div>\n\t\t<\/div>\n\t\t\t\t\t<\/div>\n\t\t<\/section>\n\t\t\t\t<section class=\"elementor-section elementor-top-section elementor-element elementor-element-ea0e899 elementor-section-boxed elementor-section-height-default elementor-section-height-default\" data-id=\"ea0e899\" data-element_type=\"section\">\n\t\t\t\t\t\t<div class=\"elementor-container elementor-column-gap-default\">\n\t\t\t\t\t<div class=\"elementor-column elementor-col-100 elementor-top-column elementor-element elementor-element-b7f34f3\" data-id=\"b7f34f3\" data-element_type=\"column\">\n\t\t\t<div class=\"elementor-widget-wrap elementor-element-populated\">\n\t\t\t\t\t\t<div class=\"elementor-element elementor-element-9a4be27 elementor-widget elementor-widget-text-editor\" data-id=\"9a4be27\" data-element_type=\"widget\" data-widget_type=\"text-editor.default\">\n\t\t\t\t<div class=\"elementor-widget-container\">\n\t\t\t\t\t\t\t\t\t<p><span style=\"font-weight: 400;\">Inspir\u00e1ndose tanto en la ley quebequense como en su esp\u00edritu, la OIDN colabora actualmente con varias organizaciones para implantar en el ordenamiento jur\u00eddico quebequense la teor\u00eda jur\u00eddica internacional que exige la concesi\u00f3n a los distintos elementos de la Naturaleza de derechos espec\u00edficos.<\/span><\/p><p><span style=\"font-weight: 400;\">Este nuevo movimiento fue desarrollado por primera vez por el profesor Christopher D. Stone en 1972 en su art\u00edculo <\/span><i><span style=\"font-weight: 400;\">Should Trees Have Standing?<\/span><\/i><span style=\"font-weight: 400;\"> [6]. La teor\u00eda legal es hoy la fuente de un cambio de paradigma en muchos ecosistemas en un n\u00famero creciente de estados nacionales. Ya sea que pensemos en Ecuador, Bolivia, el r\u00edo Whanganui en Nueva Zelanda, el r\u00edo Atrato o incluso m\u00e1s recientemente la selva amaz\u00f3nica en Colombia [7], todos han establecido en su ordenamiento jur\u00eddico y a su manera la teor\u00eda jur\u00eddica de los derechos de la Naturaleza.<\/span><\/p>\t\t\t\t\t\t\t\t<\/div>\n\t\t\t\t<\/div>\n\t\t\t\t\t<\/div>\n\t\t<\/div>\n\t\t\t\t\t<\/div>\n\t\t<\/section>\n\t\t\t\t<section class=\"elementor-section elementor-top-section elementor-element elementor-element-99bd680 elementor-section-boxed elementor-section-height-default elementor-section-height-default\" data-id=\"99bd680\" data-element_type=\"section\">\n\t\t\t\t\t\t<div class=\"elementor-container elementor-column-gap-default\">\n\t\t\t\t\t<div class=\"elementor-column elementor-col-50 elementor-top-column elementor-element elementor-element-1765c11\" data-id=\"1765c11\" data-element_type=\"column\">\n\t\t\t<div class=\"elementor-widget-wrap elementor-element-populated\">\n\t\t\t\t\t\t<div class=\"elementor-element elementor-element-8477681 elementor-widget elementor-widget-image\" data-id=\"8477681\" data-element_type=\"widget\" data-widget_type=\"image.default\">\n\t\t\t\t<div class=\"elementor-widget-container\">\n\t\t\t\t\t\t\t\t\t\t\t\t\t\t\t<img decoding=\"async\" width=\"1024\" height=\"768\" src=\"https:\/\/observatoirenature.org\/observatorio\/wp-content\/uploads\/2022\/06\/ballenas-044-1.jpg\" class=\"attachment-large size-large wp-image-278\" alt=\"\" srcset=\"https:\/\/observatoirenature.org\/observatorio\/wp-content\/uploads\/2022\/06\/ballenas-044-1.jpg 1024w, https:\/\/observatoirenature.org\/observatorio\/wp-content\/uploads\/2022\/06\/ballenas-044-1-300x225.jpg 300w, https:\/\/observatoirenature.org\/observatorio\/wp-content\/uploads\/2022\/06\/ballenas-044-1-768x576.jpg 768w\" sizes=\"(max-width: 1024px) 100vw, 1024px\" \/>\t\t\t\t\t\t\t\t\t\t\t\t\t\t\t<\/div>\n\t\t\t\t<\/div>\n\t\t\t\t\t<\/div>\n\t\t<\/div>\n\t\t\t\t<div class=\"elementor-column elementor-col-50 elementor-top-column elementor-element elementor-element-1a16ab1\" data-id=\"1a16ab1\" data-element_type=\"column\">\n\t\t\t<div class=\"elementor-widget-wrap elementor-element-populated\">\n\t\t\t\t\t\t<div class=\"elementor-element elementor-element-fe5018c elementor-widget elementor-widget-text-editor\" data-id=\"fe5018c\" data-element_type=\"widget\" data-widget_type=\"text-editor.default\">\n\t\t\t\t<div class=\"elementor-widget-container\">\n\t\t\t\t\t\t\t\t\t<p><span style=\"font-weight: 400;\">Teniendo en cuenta la responsabilidad ambiental cr\u00edtica de Quebec en t\u00e9rminos de los recursos globales de agua dulce, la OIDN cree que es hora de que los quebequenses restauren sus v\u00edas fluviales a su estatus leg\u00edtimo en el ecosistema legal.<\/span><\/p>\t\t\t\t\t\t\t\t<\/div>\n\t\t\t\t<\/div>\n\t\t\t\t\t<\/div>\n\t\t<\/div>\n\t\t\t\t\t<\/div>\n\t\t<\/section>\n\t\t\t\t<section class=\"elementor-section elementor-top-section elementor-element elementor-element-1dd0cb1 elementor-section-boxed elementor-section-height-default elementor-section-height-default\" data-id=\"1dd0cb1\" data-element_type=\"section\">\n\t\t\t\t\t\t<div class=\"elementor-container elementor-column-gap-default\">\n\t\t\t\t\t<div class=\"elementor-column elementor-col-50 elementor-top-column elementor-element elementor-element-6934233\" data-id=\"6934233\" data-element_type=\"column\">\n\t\t\t<div class=\"elementor-widget-wrap elementor-element-populated\">\n\t\t\t\t\t\t<div class=\"elementor-element elementor-element-c7d92f6 elementor-widget elementor-widget-image\" data-id=\"c7d92f6\" data-element_type=\"widget\" data-widget_type=\"image.default\">\n\t\t\t\t<div class=\"elementor-widget-container\">\n\t\t\t\t\t\t\t\t\t\t\t\t\t\t\t<img loading=\"lazy\" decoding=\"async\" width=\"768\" height=\"576\" src=\"https:\/\/observatoirenature.org\/observatorio\/wp-content\/uploads\/2022\/06\/Saint-Laurent-new-1-2-768x576-1.jpg\" class=\"attachment-large size-large wp-image-277\" alt=\"\" srcset=\"https:\/\/observatoirenature.org\/observatorio\/wp-content\/uploads\/2022\/06\/Saint-Laurent-new-1-2-768x576-1.jpg 768w, https:\/\/observatoirenature.org\/observatorio\/wp-content\/uploads\/2022\/06\/Saint-Laurent-new-1-2-768x576-1-300x225.jpg 300w\" sizes=\"(max-width: 768px) 100vw, 768px\" \/>\t\t\t\t\t\t\t\t\t\t\t\t\t\t\t<\/div>\n\t\t\t\t<\/div>\n\t\t\t\t\t<\/div>\n\t\t<\/div>\n\t\t\t\t<div class=\"elementor-column elementor-col-50 elementor-top-column elementor-element elementor-element-e8d5ea8\" data-id=\"e8d5ea8\" data-element_type=\"column\">\n\t\t\t<div class=\"elementor-widget-wrap elementor-element-populated\">\n\t\t\t\t\t\t<div class=\"elementor-element elementor-element-3a60f62 elementor-widget elementor-widget-text-editor\" data-id=\"3a60f62\" data-element_type=\"widget\" data-widget_type=\"text-editor.default\">\n\t\t\t\t<div class=\"elementor-widget-container\">\n\t\t\t\t\t\t\t\t\t<p><span style=\"font-weight: 400;\">Por ahora, dos r\u00edos de Quebec estrechamente relacionados con el destino del Copper Redhorse, una especie en peligro de extinci\u00f3n bajo la Ley de Especies en Riesgo [8] desde 2007, est\u00e1n bajo el microscopio. Por un lado, la especie que vive exclusivamente en los cuerpos de agua de Quebec ve una parte significativa de su h\u00e1bitat esencial amenazada por la posible implementaci\u00f3n del proyecto de expansi\u00f3n de la Autoridad Portuaria de Montreal en Contrecoeur en el r\u00edo San-Lorenzo [9] mientras que, por otro lado, el r\u00edo Richelieu en el que se reproducen los peces ha visto c\u00f3mo la calidad de su agua, que tambi\u00e9n alimenta a miles de hogares, ha sido alarmantemente descuidada [10].<\/span><\/p>\t\t\t\t\t\t\t\t<\/div>\n\t\t\t\t<\/div>\n\t\t\t\t\t<\/div>\n\t\t<\/div>\n\t\t\t\t\t<\/div>\n\t\t<\/section>\n\t\t\t\t<section class=\"elementor-section elementor-top-section elementor-element elementor-element-2bf387f elementor-section-boxed elementor-section-height-default elementor-section-height-default\" data-id=\"2bf387f\" data-element_type=\"section\">\n\t\t\t\t\t\t<div class=\"elementor-container elementor-column-gap-default\">\n\t\t\t\t\t<div class=\"elementor-column elementor-col-100 elementor-top-column elementor-element elementor-element-227cb26\" data-id=\"227cb26\" data-element_type=\"column\">\n\t\t\t<div class=\"elementor-widget-wrap elementor-element-populated\">\n\t\t\t\t\t\t<div class=\"elementor-element elementor-element-a737e2d elementor-widget elementor-widget-text-editor\" data-id=\"a737e2d\" data-element_type=\"widget\" data-widget_type=\"text-editor.default\">\n\t\t\t\t<div class=\"elementor-widget-container\">\n\t\t\t\t\t\t\t\t\t<p>[1] Id., Supplemental File S1.<\/p><p class=\"font_8\">[2]\u00a0Minist\u00e8re du d\u00e9veloppement durable, de l\u2019Environnement et de la Lutte contre les changements climatiques, L\u2019eau au Qu\u00e9bec : une ressource \u00e0 prot\u00e9ger, [en ligne], &lt;<a href=\"http:\/\/www.mddelcc.gouv.qc.ca\/eau\/inter.htm\" target=\"_blank\" rel=\"noopener\">http:\/\/www.mddelcc.gouv.qc.ca\/eau\/inter.htm<\/a>&gt;.<\/p><p class=\"font_8\">[3]\u00a0En 2017, la population du Qu\u00e9bec a \u00e9t\u00e9 estim\u00e9e \u00e0 8 394 034 personnes selon l\u2019Institut de la statistique du Qu\u00e9bec : [en ligne], &lt;<a href=\"http:\/\/stat.gouv.qc.ca\/statistiques\/population-demographie\/structure\/qc_1971-20xx.htm\" target=\"_blank\" rel=\"noopener\">http:\/\/stat.gouv.qc.ca\/statistiques\/population-demographie\/structure\/qc_1971-20xx.htm<\/a>&gt;.Toujours en 2017, la population mondiale a \u00e9t\u00e9 estim\u00e9e \u00e0 7 550 262 101 selon le 2017 Revision of World Population Prospects du D\u00e9partement des affaires \u00e9conomiques et sociales de l\u2019Organisation des Nations Unies, division Population : [en ligne], &lt;<a href=\"https:\/\/esa.un.org\/unpd\/wpp\/DataQuery\/%3E.\" target=\"_blank\" rel=\"noopener\" data-auto-recognition=\"true\">https:\/\/esa.un.org\/unpd\/wpp\/DataQuery\/&gt;.<\/a><\/p><p class=\"font_8\">[4]\u00a0RLRQ, c. 6.2. \u00a0<\/p><p class=\"font_8\">[5]\u00a0Id., Pr\u00e9ambule.<\/p><p class=\"font_8\">[6]\u00a0Christopher D. STONE, \u00ab Should trees have standing? \u2013 Toward Legal Rights for Natural Objects \u00bb, (1972) 45 S. Cal. L. Rev. 450.\u00a0<\/p><p class=\"font_8\">[7]\u00a0International Center for the Rights of Nature, \u00ab Advancing Legal Rights of Nature: Timeline \u00bb, 2018, [en ligne], &lt;<a href=\"https:\/\/celdf.org\/rights\/rights-of-nature\/rights-nature-timeline\/%3E.\" target=\"_blank\" rel=\"noopener\" data-auto-recognition=\"true\">https:\/\/celdf.org\/rights\/rights-of-nature\/rights-nature-timeline\/&gt;.<\/a><\/p><p class=\"font_8\">[8]\u00a0L.C. 2002, c. 29.\u00a0<\/p><p class=\"font_8\">[9]\u00a0Bruno BISSON, \u00ab Port de Montr\u00e9al \u00e0 Contrecoeur : des organismes questionnent la l\u00e9galit\u00e9 du projet \u00bb, LaPresse, publi\u00e9 le 15 f\u00e9vrier 2018, [en ligne], &lt;<a href=\"http:\/\/www.lapresse.ca\/actualites\/grand-montreal\/201802\/15\/01-5153958-port-de-montreal-a-contrecoeur-des-organismes-questionnent-la-legalite-du-projet.php?utm_categorieinterne=trafficdrivers&amp;utm_contenuinterne=envoyer_cbp%3E.\" target=\"_blank\" rel=\"noopener\" data-auto-recognition=\"true\">http:\/\/www.lapresse.ca\/actualites\/grand-montreal\/201802\/15\/01-5153958-port-de-montreal-a-contrecoeur-des-organismes-questionnent-la-legalite-du-projet.php?utm_categorieinterne=trafficdrivers&amp;utm_contenuinterne=envoyer_cbp&gt;.<\/a><\/p><p class=\"font_8\">[10]\u00a0Frederic KHALKHAL, \u00ab Un rapport alarmant sur la rivi\u00e8re Richelieu \u00bb, Le Journal de Chambly, publi\u00e9 le 18 avril 2018, [en ligne], &lt;<a href=\"https:\/\/www.journaldechambly.com\/un-rapport-alarmant-sur-la-riviere-richelieu\/%3E.\" target=\"_blank\" rel=\"noopener\" data-auto-recognition=\"true\">https:\/\/www.journaldechambly.com\/un-rapport-alarmant-sur-la-riviere-richelieu\/&gt;.<\/a><\/p>\t\t\t\t\t\t\t\t<\/div>\n\t\t\t\t<\/div>\n\t\t\t\t\t<\/div>\n\t\t<\/div>\n\t\t\t\t\t<\/div>\n\t\t<\/section>\n\t\t\t\t<\/div>\n\t\t","protected":false},"excerpt":{"rendered":"<p>R\u00edo San Lorenzo (Quebec, Canad\u00e1) Es en la edici\u00f3n de diciembre de 2017 de la reconocida revista BioScience, que varios cient\u00edficos de Quebec unieron sus voces a los \u201cCient\u00edficos del mundo\u201d para \u201chacer sonar de nuevo la alarma sobre el desastroso costo de la gobernanza humana en cuesti\u00f3n medioambiental \u201d[1], en particular con respecto a [&hellip;]<\/p>\n","protected":false},"author":1,"featured_media":0,"parent":0,"menu_order":0,"comment_status":"closed","ping_status":"closed","template":"","meta":{"site-sidebar-layout":"default","site-content-layout":"","ast-site-content-layout":"default","site-content-style":"default","site-sidebar-style":"default","ast-global-header-display":"","ast-banner-title-visibility":"","ast-main-header-display":"","ast-hfb-above-header-display":"","ast-hfb-below-header-display":"","ast-hfb-mobile-header-display":"","site-post-title":"","ast-breadcrumbs-content":"","ast-featured-img":"","footer-sml-layout":"","ast-disable-related-posts":"","theme-transparent-header-meta":"","adv-header-id-meta":"","stick-header-meta":"","header-above-stick-meta":"","header-main-stick-meta":"","header-below-stick-meta":"","astra-migrate-meta-layouts":"default","ast-page-background-enabled":"default","ast-page-background-meta":{"desktop":{"background-color":"var(--ast-global-color-4)","background-image":"","background-repeat":"repeat","background-position":"center center","background-size":"auto","background-attachment":"scroll","background-type":"","background-media":"","overlay-type":"","overlay-color":"","overlay-opacity":"","overlay-gradient":""},"tablet":{"background-color":"","background-image":"","background-repeat":"repeat","background-position":"center center","background-size":"auto","background-attachment":"scroll","background-type":"","background-media":"","overlay-type":"","overlay-color":"","overlay-opacity":"","overlay-gradient":""},"mobile":{"background-color":"","background-image":"","background-repeat":"repeat","background-position":"center center","background-size":"auto","background-attachment":"scroll","background-type":"","background-media":"","overlay-type":"","overlay-color":"","overlay-opacity":"","overlay-gradient":""}},"ast-content-background-meta":{"desktop":{"background-color":"var(--ast-global-color-5)","background-image":"","background-repeat":"repeat","background-position":"center center","background-size":"auto","background-attachment":"scroll","background-type":"","background-media":"","overlay-type":"","overlay-color":"","overlay-opacity":"","overlay-gradient":""},"tablet":{"background-color":"var(--ast-global-color-5)","background-image":"","background-repeat":"repeat","background-position":"center center","background-size":"auto","background-attachment":"scroll","background-type":"","background-media":"","overlay-type":"","overlay-color":"","overlay-opacity":"","overlay-gradient":""},"mobile":{"background-color":"var(--ast-global-color-5)","background-image":"","background-repeat":"repeat","background-position":"center center","background-size":"auto","background-attachment":"scroll","background-type":"","background-media":"","overlay-type":"","overlay-color":"","overlay-opacity":"","overlay-gradient":""}},"footnotes":""},"class_list":["post-532","page","type-page","status-publish","hentry"],"_links":{"self":[{"href":"https:\/\/observatoirenature.org\/observatorio\/wp-json\/wp\/v2\/pages\/532","targetHints":{"allow":["GET"]}}],"collection":[{"href":"https:\/\/observatoirenature.org\/observatorio\/wp-json\/wp\/v2\/pages"}],"about":[{"href":"https:\/\/observatoirenature.org\/observatorio\/wp-json\/wp\/v2\/types\/page"}],"author":[{"embeddable":true,"href":"https:\/\/observatoirenature.org\/observatorio\/wp-json\/wp\/v2\/users\/1"}],"replies":[{"embeddable":true,"href":"https:\/\/observatoirenature.org\/observatorio\/wp-json\/wp\/v2\/comments?post=532"}],"version-history":[{"count":11,"href":"https:\/\/observatoirenature.org\/observatorio\/wp-json\/wp\/v2\/pages\/532\/revisions"}],"predecessor-version":[{"id":5068,"href":"https:\/\/observatoirenature.org\/observatorio\/wp-json\/wp\/v2\/pages\/532\/revisions\/5068"}],"wp:attachment":[{"href":"https:\/\/observatoirenature.org\/observatorio\/wp-json\/wp\/v2\/media?parent=532"}],"curies":[{"name":"wp","href":"https:\/\/api.w.org\/{rel}","templated":true}]}}